{"id":2,"date":"2022-10-25T23:01:14","date_gmt":"2022-10-25T21:01:14","guid":{"rendered":"https:\/\/anklangundloesung.ch\/?page_id=2"},"modified":"2022-10-28T22:32:05","modified_gmt":"2022-10-28T20:32:05","slug":"beispiel-seite","status":"publish","type":"page","link":"https:\/\/anklangundloesung.ch\/index.php\/beispiel-seite\/","title":{"rendered":"Idee"},"content":{"rendered":"\n<p class=\"has-medium-font-size\">Anklang und L\u00f6sung steht f\u00fcr die Verbindung des Musizierens und der therapeutischen Arbeit. <\/p>\n\n\n\n<p class=\"has-medium-font-size\">Anklang steht f\u00fcr den ersten Moment, in dem ein Prozess, wie Musik entstehen kann. Den Augenblick, in dem ein Klang ausgel\u00f6st wird und sich zu entfalten beginnt. <\/p>\n\n\n\n<p class=\"has-medium-font-size\">In diesem Sinn vermittle ich Einstiegserleichterung in die gemeinsam Improvisation. <\/p>\n\n\n\n<figure class=\"wp-block-pullquote has-small-font-size\"><blockquote><p>Alle Dinge und Wesen im Universum sind sichtbar oder unsichtbar miteinander verbunden, durch Schwingungen wird zwischen ihnen eine Kommunikation in allen Ebenen der Existenz aufgebaut<\/p><cite>Hazrat Inayat Khan<\/cite><\/blockquote><\/figure>\n\n\n\n<p class=\"has-medium-font-size\">Ich teile meine Erfahrungen gerne mit Gruppen. Die meisten meiner Angebote finden im Rahmen des <a href=\"https:\/\/www.klangkeller-bern.ch\/de\/portraits-3.html\" data-type=\"URL\" data-id=\"https:\/\/www.klangkeller-bern.ch\/de\/portraits-3.html\">Klangkellers-Bern<\/a> und <a href=\"https:\/\/www.musicforpeople.ch\/deutsch-1\/team\/vorstand\/\" data-type=\"URL\" data-id=\"https:\/\/www.musicforpeople.ch\/deutsch-1\/team\/vorstand\/\">Music for People Europe<\/a> statt. In beiden Vereinen engagiere ich mich im Vorstand.<\/p>\n","protected":false},"excerpt":{"rendered":"<p>Anklang und L\u00f6sung steht f\u00fcr die Verbindung des Musizierens und der therapeutischen Arbeit. Anklang steht f\u00fcr den ersten Moment, in dem ein Prozess, wie Musik entstehen kann. Den Augenblick, in dem ein Klang ausgel\u00f6st wird und sich zu entfalten beginnt. &hellip; <a href=\"https:\/\/anklangundloesung.ch\/index.php\/beispiel-seite\/\">Weiterlesen <span class=\"meta-nav\">&rarr;<\/span><\/a><\/p>\n","protected":false},"author":1,"featured_media":200,"parent":0,"menu_order":0,"comment_status":"closed","ping_status":"open","template":"","meta":{"h5ap_radio_sources":[],"footnotes":""},"class_list":["post-2","page","type-page","status-publish","has-post-thumbnail","hentry"],"_links":{"self":[{"href":"https:\/\/anklangundloesung.ch\/index.php\/wp-json\/wp\/v2\/pages\/2","targetHints":{"allow":["GET"]}}],"collection":[{"href":"https:\/\/anklangundloesung.ch\/index.php\/wp-json\/wp\/v2\/pages"}],"about":[{"href":"https:\/\/anklangundloesung.ch\/index.php\/wp-json\/wp\/v2\/types\/page"}],"author":[{"embeddable":true,"href":"https:\/\/anklangundloesung.ch\/index.php\/wp-json\/wp\/v2\/users\/1"}],"replies":[{"embeddable":true,"href":"https:\/\/anklangundloesung.ch\/index.php\/wp-json\/wp\/v2\/comments?post=2"}],"version-history":[{"count":8,"href":"https:\/\/anklangundloesung.ch\/index.php\/wp-json\/wp\/v2\/pages\/2\/revisions"}],"predecessor-version":[{"id":369,"href":"https:\/\/anklangundloesung.ch\/index.php\/wp-json\/wp\/v2\/pages\/2\/revisions\/369"}],"wp:featuredmedia":[{"embeddable":true,"href":"https:\/\/anklangundloesung.ch\/index.php\/wp-json\/wp\/v2\/media\/200"}],"wp:attachment":[{"href":"https:\/\/anklangundloesung.ch\/index.php\/wp-json\/wp\/v2\/media?parent=2"}],"curies":[{"name":"wp","href":"https:\/\/api.w.org\/{rel}","templated":true}]}}