{"id":583,"date":"2024-02-08T07:56:04","date_gmt":"2024-02-08T06:56:04","guid":{"rendered":"https:\/\/anklangundloesung.ch\/?page_id=583"},"modified":"2024-02-22T05:32:59","modified_gmt":"2024-02-22T04:32:59","slug":"matthias-rauh","status":"publish","type":"page","link":"https:\/\/anklangundloesung.ch\/index.php\/matthias-rauh\/","title":{"rendered":"Matthias Rauh"},"content":{"rendered":"\n<h2 class=\"wp-block-heading\">Beruficher Werdegang<\/h2>\n\n\n\n<p>Seit 1990 &#8211; 2007 arbeite ich im psychosozialen Umfeldern: Als Sozialp\u00e4dagoge in der Jugendpsychiatrischen Klinik Neuhaus, bei Nils Holgersson, Schule und Wohnen f\u00fcr belastete Jugendliche, bei Terra Vecchia in der station\u00e4ren Drogentherapie Melchenb\u00fchl.<\/p>\n\n\n\n<p>2007 schloss ich an der FHNWS als MAS systemische- und l\u00f6sungsorientierte Kurzzeitberatung und -therapie ab. Ich sammelte 3 Jahre Erfahrungen als Case Manager bei der innova AG und wechselte 2010 zur Berner Gesundheit, wo ich seither in der Suchtberarung und -therapie arbeite.<\/p>\n\n\n\n<p>Nach dem Nachdiplomstudium absolvierte ich diverse Weiterbildungen, so graudierte ich bei Music for People im Musicianship and Leadership Program und besuchte Weiterbildungen im Kunsttherapeutischen Umfeld und verdichtete meine Beratungsmethoden bei Reinhold Bartel, Steven Gilligan, Ben Furman um hypnosystemischen Bereich.<\/p>\n\n\n\n<h2 class=\"wp-block-heading\">Therapie, Beratung und Coaching<\/h2>\n\n\n\n<p>Suchtberatung und -therapie bei <a href=\"https:\/\/www.bernergesundheit.ch\/werwirsind\/standorte\/zentrum-emmental-oberaargau\/\" data-type=\"URL\" data-id=\"https:\/\/www.bernergesundheit.ch\/werwirsind\/standorte\/zentrum-emmental-oberaargau\/\">Berner Gesundheit<\/a>, wo ich 80% arbeite<\/p>\n\n\n\n<p>Im Spielraum 312 biete ich freitags folgende Beratungs- und Coachingangebote an:<\/p>\n\n\n\n<div class=\"wp-block-columns is-layout-flex wp-container-core-columns-is-layout-9d6595d7 wp-block-columns-is-layout-flex\">\n<div class=\"wp-block-column is-layout-flow wp-block-column-is-layout-flow\" style=\"flex-basis:100%\">\n<figure class=\"wp-block-table\"><table><tbody><tr><td>Einzelsitzungen Fr 150.- pro Stunde<\/td><td><\/td><td><\/td><td><\/td><\/tr><tr><td>Interdisziplin\u00e4re Kunstprozesse nach Absprache<\/td><td><\/td><td><\/td><td><\/td><\/tr><tr><td>Change Mangement 6 Monate nach Absprache<\/td><td><\/td><td><\/td><td><\/td><\/tr><tr><td>Gruppen und System Coachings nach Absprache<\/td><td><\/td><td><\/td><td><\/td><\/tr><\/tbody><\/table><figcaption class=\"wp-element-caption\">Angebote und Preise Januar 2024<\/figcaption><\/figure>\n<\/div>\n<\/div>\n\n\n\n<div class=\"wp-block-buttons is-layout-flex wp-block-buttons-is-layout-flex\">\n<div class=\"wp-block-button is-style-outline is-style-outline--1\"><a class=\"wp-block-button__link wp-element-button\" href=\"https:\/\/anklangundloesung.ch\/index.php\/kontakt\/\">Termin vereinbaren<\/a><\/div>\n<\/div>\n","protected":false},"excerpt":{"rendered":"<p>Beruficher Werdegang Seit 1990 &#8211; 2007 arbeite ich im psychosozialen Umfeldern: Als Sozialp\u00e4dagoge in der Jugendpsychiatrischen Klinik Neuhaus, bei Nils Holgersson, Schule und Wohnen f\u00fcr belastete Jugendliche, bei Terra Vecchia in der station\u00e4ren Drogentherapie Melchenb\u00fchl. 2007 schloss ich an der &hellip; <a href=\"https:\/\/anklangundloesung.ch\/index.php\/matthias-rauh\/\">Weiterlesen <span class=\"meta-nav\">&rarr;<\/span><\/a><\/p>\n","protected":false},"author":1,"featured_media":0,"parent":0,"menu_order":0,"comment_status":"closed","ping_status":"closed","template":"","meta":{"h5ap_radio_sources":[],"footnotes":""},"class_list":["post-583","page","type-page","status-publish","hentry"],"_links":{"self":[{"href":"https:\/\/anklangundloesung.ch\/index.php\/wp-json\/wp\/v2\/pages\/583","targetHints":{"allow":["GET"]}}],"collection":[{"href":"https:\/\/anklangundloesung.ch\/index.php\/wp-json\/wp\/v2\/pages"}],"about":[{"href":"https:\/\/anklangundloesung.ch\/index.php\/wp-json\/wp\/v2\/types\/page"}],"author":[{"embeddable":true,"href":"https:\/\/anklangundloesung.ch\/index.php\/wp-json\/wp\/v2\/users\/1"}],"replies":[{"embeddable":true,"href":"https:\/\/anklangundloesung.ch\/index.php\/wp-json\/wp\/v2\/comments?post=583"}],"version-history":[{"count":9,"href":"https:\/\/anklangundloesung.ch\/index.php\/wp-json\/wp\/v2\/pages\/583\/revisions"}],"predecessor-version":[{"id":612,"href":"https:\/\/anklangundloesung.ch\/index.php\/wp-json\/wp\/v2\/pages\/583\/revisions\/612"}],"wp:attachment":[{"href":"https:\/\/anklangundloesung.ch\/index.php\/wp-json\/wp\/v2\/media?parent=583"}],"curies":[{"name":"wp","href":"https:\/\/api.w.org\/{rel}","templated":true}]}}