{"id":910,"date":"2026-02-24T11:50:31","date_gmt":"2026-02-24T10:50:31","guid":{"rendered":"https:\/\/anklangundloesung.ch\/?page_id=910"},"modified":"2026-03-10T13:36:46","modified_gmt":"2026-03-10T12:36:46","slug":"alphorn-naturton-improvisation","status":"publish","type":"page","link":"https:\/\/anklangundloesung.ch\/index.php\/alphorn-naturton-improvisation\/","title":{"rendered":"Alphorn &#038; Naturton Improvisation"},"content":{"rendered":"\n<h2 class=\"wp-block-heading\"><strong>Herzbergkurs 19. &#8211; 21. Juni 2026<br>Wir musizieren, singen und experimentieren zur Mittsommernacht<\/strong><\/h2>\n\n\n\n<div class=\"wp-block-group\"><div class=\"wp-block-group__inner-container is-layout-flow wp-block-group-is-layout-flow\">\n<figure class=\"wp-block-gallery has-nested-images columns-default is-cropped wp-block-gallery-1 is-layout-flex wp-block-gallery-is-layout-flex\">\n<figure class=\"wp-block-image size-large\"><img loading=\"lazy\" decoding=\"async\" width=\"500\" height=\"331\" data-id=\"442\" src=\"https:\/\/anklangundloesung.ch\/wp-content\/uploads\/2023\/01\/newslettergroesse_herzberg.jpg\" alt=\"\" class=\"wp-image-442\" srcset=\"https:\/\/anklangundloesung.ch\/wp-content\/uploads\/2023\/01\/newslettergroesse_herzberg.jpg 500w, https:\/\/anklangundloesung.ch\/wp-content\/uploads\/2023\/01\/newslettergroesse_herzberg-300x199.jpg 300w, https:\/\/anklangundloesung.ch\/wp-content\/uploads\/2023\/01\/newslettergroesse_herzberg-453x300.jpg 453w\" sizes=\"auto, (max-width: 500px) 100vw, 500px\" \/><\/figure>\n\n\n\n<figure class=\"wp-block-image size-large\"><img loading=\"lazy\" decoding=\"async\" width=\"1024\" height=\"576\" data-id=\"194\" src=\"https:\/\/anklangundloesung.ch\/wp-content\/uploads\/2020\/07\/DSC08352-1024x576.jpg\" alt=\"\" class=\"wp-image-194\" srcset=\"https:\/\/anklangundloesung.ch\/wp-content\/uploads\/2020\/07\/DSC08352-1024x576.jpg 1024w, https:\/\/anklangundloesung.ch\/wp-content\/uploads\/2020\/07\/DSC08352-300x169.jpg 300w, https:\/\/anklangundloesung.ch\/wp-content\/uploads\/2020\/07\/DSC08352-768x432.jpg 768w, https:\/\/anklangundloesung.ch\/wp-content\/uploads\/2020\/07\/DSC08352-1536x865.jpg 1536w, https:\/\/anklangundloesung.ch\/wp-content\/uploads\/2020\/07\/DSC08352-2048x1153.jpg 2048w\" sizes=\"auto, (max-width: 1024px) 100vw, 1024px\" \/><\/figure>\n\n\n\n<figure class=\"wp-block-image size-large is-style-default\"><img decoding=\"async\" data-id=\"41\" src=\"https:\/\/anklangundloesung.ch\/wp-content\/uploads\/2015\/04\/20160618_171409-scaled-e1672769187409-1024x592.jpg\" alt=\"\" class=\"wp-image-41\"\/><\/figure>\n<figcaption class=\"blocks-gallery-caption wp-element-caption\">Impressionen aus den letzten Herzbergkursen<\/figcaption><\/figure>\n<\/div><\/div>\n\n\n\n<p><strong>Die 11. Durchf\u00fchrung des Herzbergkurses &#171;Alphorn und Naturton Improvisation<\/strong>&#187; <strong>steht auf dem Programm!<\/strong> <strong>Wir feiern zusammen im und vor dem Herzberggartenhaus die Mittsommerwende, mit Feuer und Tanz und Naturtonweisen.<\/strong><\/p>\n\n\n\n<p>Nebst den Instrumenten, die ihr als Kursteilnehmende mitnehmt, stehen Alph\u00f6rner, \u00dcbungsdigeridoos, ein Monochord, diverse Obertonfl\u00f6ten zur Verf\u00fcgung. Folgende Elemente findest du im Kursangebot:<\/p>\n\n\n\n<ul class=\"wp-block-list\">\n<li>Naturtonmelodien und -lieder kennenlernen, singen und spielen<\/li>\n\n\n\n<li>Klang und Resonanz drinnen und draussen in der Natur<\/li>\n\n\n\n<li>Elementare Instrumentenkenntnisse aneignen: Didgerdoo, Fl\u00f6ten, Alphorn, Maultrommeln und Stimme<\/li>\n\n\n\n<li>Zusammenspiel mit temperierten Instrumenten<\/li>\n\n\n\n<li>Obertonfolgen kennen lernen<\/li>\n\n\n\n<li>Improvisieren \u00fcber Drones, im Ensemble und f\u00fcr sich alleine<\/li>\n\n\n\n<li>Moll und Dur Stimmungen mit Naturtoninstrumenten<\/li>\n\n\n\n<li>Perkussive Elemente<\/li>\n<\/ul>\n\n\n\n<p>Musikalische Erfahrungen sind willkommen und es sind keine Vorkenntnisse n\u00f6tig.<\/p>\n\n\n\n<p><strong>Zeit<\/strong>: Fr 19.06.26 um 18:00 Uhr &#8211; So 21.06.26 bis 15:00 Uhr<br><strong>Ort<\/strong>: Herzberg bei Aarau<br><strong>Kursmoderation<\/strong>, Matthias Rauh (Alphorn, Gesang und Fl\u00f6ten), gemeinsam mit Risha Claudia Bergomi (Stimme, Obertongesang) und Patrick Frey (Maultrommeln, Didgeridoo, Perkussion und mehr)<br><strong>Infos zum Kurs<\/strong>: <a href=\"mailto:alphorn@anklangundloesung.ch\" data-type=\"mailto\" data-id=\"mailto:alphorn@anklangundloesung.ch\"><strong>alphorn@anklangundloesung.ch<\/strong><\/a><br><strong>Kursausgleich<\/strong>: Fr 225.- exklusiv Logis und Essen <br><strong>\u00dcbernachtung und Essen:<\/strong> ab Fr 144. bis 320.-<br><strong>Kursanmeldung: <a href=\"https:\/\/www.herzberg.org\/herzberg-kurs\/alphorn-naturton-improvisation-2026-mit-naturtoninstrumenten-musizieren-singen-und-experimentieren\/\" data-type=\"link\" data-id=\"https:\/\/www.herzberg.org\/herzberg-kurs\/alphorn-naturton-improvisation-2026-mit-naturtoninstrumenten-musizieren-singen-und-experimentieren\/\">Seminarhaus Herzberg<\/a><\/strong><\/p>\n\n\n\n<div class=\"wp-block-media-text is-stacked-on-mobile is-vertically-aligned-top\" style=\"grid-template-columns:16% auto\"><figure class=\"wp-block-media-text__media\"><img loading=\"lazy\" decoding=\"async\" width=\"726\" height=\"1024\" src=\"https:\/\/anklangundloesung.ch\/wp-content\/uploads\/2025\/02\/IMG-20250207-WA0002-726x1024.jpg\" alt=\"Risha Claudia Bergomi\" class=\"wp-image-724 size-full\" srcset=\"https:\/\/anklangundloesung.ch\/wp-content\/uploads\/2025\/02\/IMG-20250207-WA0002-726x1024.jpg 726w, https:\/\/anklangundloesung.ch\/wp-content\/uploads\/2025\/02\/IMG-20250207-WA0002-213x300.jpg 213w, https:\/\/anklangundloesung.ch\/wp-content\/uploads\/2025\/02\/IMG-20250207-WA0002-768x1083.jpg 768w, https:\/\/anklangundloesung.ch\/wp-content\/uploads\/2025\/02\/IMG-20250207-WA0002.jpg 1080w\" sizes=\"auto, (max-width: 726px) 100vw, 726px\" \/><\/figure><div class=\"wp-block-media-text__content\">\n<p><strong>Risha Claudia Bergomi<\/strong><br>Ich bin besonders fasziniert von der vokalen Volksmusik unterschiedlicher Kulturen wie die Ges\u00e4nge aus Korsika und Sardinien, unsere Juuze, die bulgarische Musik, die Musik der Baka aus dem afrikanischen Regenwald, der Joik der Sami.<\/p>\n\n\n\n<p>Im Rahmen meiner Ausbildung in&nbsp;<em>Musik und Bewegung<\/em>&nbsp;(2015-2019), an der Hochschule der K\u00fcnste Bern, habe ich mich vertieft mit Musik, Rhythmus und Tanz befasst, mit einem besonderen Fokus auf die Rolle des K\u00f6rpers, der Bewegung und der Erfahrung wenn wir Musik lernen und machen.<\/p>\n\n\n\n<p>Seit 2010 begleitet mich das Obertonsingen und seit 2015 unterrichte ich Obertongesang in Gruppen- und Einzelstunden.<\/p>\n<\/div><\/div>\n\n\n\n<div class=\"wp-block-media-text is-stacked-on-mobile is-vertically-aligned-top\" style=\"grid-template-columns:16% auto\"><figure class=\"wp-block-media-text__media\"><img loading=\"lazy\" decoding=\"async\" width=\"1024\" height=\"768\" src=\"https:\/\/anklangundloesung.ch\/wp-content\/uploads\/2022\/10\/20220827_102105-1024x768.jpg\" alt=\"\" class=\"wp-image-289 size-full\" srcset=\"https:\/\/anklangundloesung.ch\/wp-content\/uploads\/2022\/10\/20220827_102105-1024x768.jpg 1024w, https:\/\/anklangundloesung.ch\/wp-content\/uploads\/2022\/10\/20220827_102105-300x225.jpg 300w, https:\/\/anklangundloesung.ch\/wp-content\/uploads\/2022\/10\/20220827_102105-768x576.jpg 768w, https:\/\/anklangundloesung.ch\/wp-content\/uploads\/2022\/10\/20220827_102105-1536x1152.jpg 1536w, https:\/\/anklangundloesung.ch\/wp-content\/uploads\/2022\/10\/20220827_102105-2048x1536.jpg 2048w, https:\/\/anklangundloesung.ch\/wp-content\/uploads\/2022\/10\/20220827_102105-400x300.jpg 400w\" sizes=\"auto, (max-width: 1024px) 100vw, 1024px\" \/><\/figure><div class=\"wp-block-media-text__content\">\n<p><strong>Patrick Frey und Matthias Rauh <\/strong><br>Wir erkunden seit 2016 gemeinsam als Duo ResoTone die Vielfalt verschiedenster Obertoninstrumente und wie sie zusammenspielen. Patrick&#8217;s grosse Leidenschaften sind aktuell die Ngoni, Maultrommeln, das Didgeridoo und das Alphorn, er produziert mit ProTone wundervoll <a href=\"https:\/\/soundcloud.com\/protone68\/eine-prise-surprise-supplement-to-lebensfreude?in=protone68\/sets\/didgeridoo\" data-type=\"link\" data-id=\"https:\/\/soundcloud.com\/protone68\/eine-prise-surprise-supplement-to-lebensfreude?in=protone68\/sets\/didgeridoo\">Musik (CD Lebensfreude)<\/a>. <\/p>\n\n\n\n<p>Matthias engagiert sich f\u00fcr Improvisationsprojekte, dabei ist er aufs Alphorn getroffen, das er traditionell und experimentell nutzt. Er ist mit <a href=\"https:\/\/www.musicforpeople.ch\/\" data-type=\"link\" data-id=\"https:\/\/www.musicforpeople.ch\/\">Music for People<\/a> verbunden.<\/p>\n\n\n\n<p>Die beidenbieten verschiedene Angebote im <a href=\"https:\/\/www.klangkeller-bern.ch\/de\/aktuell-1.html\" data-type=\"link\" data-id=\"https:\/\/www.klangkeller-bern.ch\/de\/aktuell-1.html\">Klangkeller Bern<\/a> an.<\/p>\n<\/div><\/div>\n\n\n\n<figure class=\"wp-block-audio\"><audio controls src=\"https:\/\/anklangundloesung.ch\/wp-content\/uploads\/2023\/01\/Alpbox.mp3\"><\/audio><figcaption class=\"wp-element-caption\">Alpbox (ProTone)<\/figcaption><\/figure>\n\n\n\n<div class=\"wp-block-columns is-layout-flex wp-container-core-columns-is-layout-9d6595d7 wp-block-columns-is-layout-flex\">\n<div class=\"wp-block-column is-layout-flow wp-block-column-is-layout-flow\" style=\"flex-basis:100%\">\n<figure class=\"wp-block-audio\"><audio controls src=\"https:\/\/anklangundloesung.ch\/wp-content\/uploads\/2023\/01\/210724-222740_Voice_Didg_WGRA.mp3\"><\/audio><figcaption class=\"wp-element-caption\">Reservoir Oberblam Obertongesang und Didgeridoo (Mats und Willi)<\/figcaption><\/figure>\n<\/div>\n<\/div>\n\n\n\n<figure class=\"wp-block-audio\"><audio controls src=\"https:\/\/anklangundloesung.ch\/wp-content\/uploads\/2023\/01\/01-fujara_alphorn_G-2019-05-21.mp3\"><\/audio><figcaption class=\"wp-element-caption\">Fujara Alphorn (Mats)<\/figcaption><\/figure>\n\n\n\n<figure class=\"wp-block-audio\"><audio controls src=\"https:\/\/anklangundloesung.ch\/wp-content\/uploads\/2023\/01\/Rueckblick-Besinnung.mp3\"><\/audio><figcaption class=\"wp-element-caption\">Kotamo und Monochord<\/figcaption><\/figure>\n\n\n\n<div class=\"wp-block-buttons is-layout-flex wp-block-buttons-is-layout-flex\">\n<div class=\"wp-block-button is-style-outline is-style-outline--2\"><a class=\"wp-block-button__link wp-element-button\" href=\"https:\/\/www.herzberg.org\/herzberg-kurs\/alphorn-naturton-improvisation-2026-mit-naturtoninstrumenten-musizieren-singen-und-experimentieren\/\">Anmeldung<\/a><\/div>\n<\/div>\n\n\n\n<p><\/p>\n","protected":false},"excerpt":{"rendered":"<p>Herzbergkurs 19. &#8211; 21. Juni 2026Wir musizieren, singen und experimentieren zur Mittsommernacht Die 11. Durchf\u00fchrung des Herzbergkurses &#171;Alphorn und Naturton Improvisation&#187; steht auf dem Programm! Wir feiern zusammen im und vor dem Herzberggartenhaus die Mittsommerwende, mit Feuer und Tanz und &hellip; <a href=\"https:\/\/anklangundloesung.ch\/index.php\/alphorn-naturton-improvisation\/\">Weiterlesen <span class=\"meta-nav\">&rarr;<\/span><\/a><\/p>\n","protected":false},"author":1,"featured_media":41,"parent":0,"menu_order":0,"comment_status":"closed","ping_status":"closed","template":"","meta":{"h5ap_radio_sources":[],"footnotes":""},"class_list":["post-910","page","type-page","status-publish","has-post-thumbnail","hentry"],"_links":{"self":[{"href":"https:\/\/anklangundloesung.ch\/index.php\/wp-json\/wp\/v2\/pages\/910","targetHints":{"allow":["GET"]}}],"collection":[{"href":"https:\/\/anklangundloesung.ch\/index.php\/wp-json\/wp\/v2\/pages"}],"about":[{"href":"https:\/\/anklangundloesung.ch\/index.php\/wp-json\/wp\/v2\/types\/page"}],"author":[{"embeddable":true,"href":"https:\/\/anklangundloesung.ch\/index.php\/wp-json\/wp\/v2\/users\/1"}],"replies":[{"embeddable":true,"href":"https:\/\/anklangundloesung.ch\/index.php\/wp-json\/wp\/v2\/comments?post=910"}],"version-history":[{"count":11,"href":"https:\/\/anklangundloesung.ch\/index.php\/wp-json\/wp\/v2\/pages\/910\/revisions"}],"predecessor-version":[{"id":934,"href":"https:\/\/anklangundloesung.ch\/index.php\/wp-json\/wp\/v2\/pages\/910\/revisions\/934"}],"wp:featuredmedia":[{"embeddable":true,"href":"https:\/\/anklangundloesung.ch\/index.php\/wp-json\/wp\/v2\/media\/41"}],"wp:attachment":[{"href":"https:\/\/anklangundloesung.ch\/index.php\/wp-json\/wp\/v2\/media?parent=910"}],"curies":[{"name":"wp","href":"https:\/\/api.w.org\/{rel}","templated":true}]}}